de 1530?
False
Does 3 divide 1716?
True
Is 10 a factor of 11208?
False
Is 80 a factor of 79600?
True
Does 12 divide 396?
True
Is 1110 a multiple of 15?
True
Is 2349 a multiple of 3?
True
Does 32 divide 576?
True
Is 207 a factor of 21026?
False
Is 4340 a multiple of 14?
True
Does 15 divide 360?
True
Does 33 divide 1372?
False
Does 16 divide 22992?
True
Is 338 a multiple of 26?
True
Does 23 divide 779?
False
Does 40 divide 35080?
True
Is 1063 a multiple of 25?
False
Does 4 divide 1028?
True
Is 1320 a multiple of 40?
True
Does 15 divide 690?
True
Is 2720 a multiple of 16?
True
Is 15 a factor of 23975?
False
Is 43155 a multiple of 45?
True
Does 50 divide 15200?
True
Does 107 divide 7639?
False
Is 108 a multiple of 6?
True
Does 14 divide 756?
True
Is 140 a multiple of 35?
True
Is 230 a multiple of 5?
True
Is 389 a multiple of 10?
False
Is 12 a factor of 3563?
False
Does 25 divide 773?
False
Is 13897 a multiple of 3?
False
Is 19866 a multiple of 43?
True
Is 24084 a multiple of 108?
True
Is 36 a factor of 1179?
False
Is 24 a factor of 548?
False
Is 104 a multiple of 6?
False
Is 4466 a multiple of 22?
True
Is 9 a factor of 693?
True
Is 552 a multiple of 12?
True
Is 34 a multiple of 17?
True
Is 83 a factor of 21248?
True
Does 27 divide 999?
True
Does 5 divide 455?
True
Does 4 divide 36?
True
Does 88 divide 18154?
False
Is 1300 a multiple of 50?
True
Is 23 a factor of 61?
False
Is 8184 a multiple of 15?
False
Is 5310 a multiple of 15?
True
Is 24 a factor of 1422?
False
Does 45 divide 765?
True
Is 986 a multiple of 23?
False
Does 52 divide 5980?
True
Is 6 a factor of 563?
False
Is 7 a factor of 403?
False
Does 70 divide 4830?
True
Does 47 divide 2303?
True
Is 34457 a multiple of 14?
False
Is 12899 a multiple of 10?
False
Does 76 divide 20346?
False
Is 83 a factor of 379?
False
Is 151 a multiple of 17?
False
Does 12 divide 1320?
True
Is 23 a factor of 1058?
True
Does 13 divide 78?
True
Does 48 divide 7728?
True
Is 89 a factor of 8811?
True
Is 55 a multiple of 9?
False
Is 775 a multiple of 2?
False
Is 463 a multiple of 8?
False
Is 252 a multiple of 36?
True
Is 36 a multiple of 13?
False
Does 6 divide 1384?
False
Is 29 a factor of 6641?
True
Does 52 divide 5894?
False
Is 401 a multiple of 47?
False
Does 36 divide 3096?
True
Is 11680 a multiple of 146?
True
Is 16536 a multiple of 39?
True
Is 23 a factor of 598?
True
Is 46842 a multiple of 119?
False
Is 17 a factor of 6460?
True
Is 2376 a multiple of 27?
True
Is 2646 a multiple of 14?
True
Is 341 a multiple of 11?
True
Is 1957 a multiple of 25?
False
Is 646 a multiple of 17?
True
Is 1314 a multiple of 73?
True
Is 54 a factor of 3240?
True
Does 4 divide 107?
False
Does 49 divide 1895?
False
Is 49963 a multiple of 17?
True
Is 30 a factor of 30341?
False
Does 20 divide 978?
False
Does 39 divide 3510?
True
Is 5140 a multiple of 20?
True
Does 40 divide 1400?
True
Is 21448 a multiple of 48?
False
Does 17 divide 5695?
True
Is 12991 a multiple of 11?
True
Does 11 divide 37422?
True
Does 169 divide 1067?
False
Is 34 a factor of 2163?
False
Is 57 a factor of 1140?
True
Is 12 a factor of 192?
True
Is 13169 a multiple of 8?
False
Does 6 divide 17?
False
Is 44 a factor of 564?
False
Does 13 divide 9347?
True
Is 11 a factor of 9460?
True
Is 7839 a multiple of 67?
True
Is 3864 a multiple of 14?
True
Is 48546 a multiple of 7?
False
Is 29 a factor of 841?
True
Is 18 a factor of 220?
False
Is 51129 a multiple of 171?
True
Is 24770 a multiple of 37?
False
Does 84 divide 872?
False
Is 26847 a multiple of 171?
True
Is 3677 a multiple of 4?
False
Is 16830 a multiple of 79?
False
Is 4488 a multiple of 22?
True
Is 900 a multiple of 15?
True
Does 21 divide 6949?
False
Is 530 a multiple of 10?
True
Does 6 divide 67692?
True
Is 3 a factor of 149?
False
Does 26 divide 153099?
False
Is 38 a factor of 845?
False
Is 363 a multiple of 40?
False
Does 3 divide 6741?
True
Is 4 a factor of 22?
False
Is 17 a factor of 58412?
True
Does 2 divide 146?
True
Is 231 a factor of 27027?
True
Does 30 divide 1710?
True
Is 31916 a multiple of 316?
True
Is 37 a factor of 1198?
False
Is 21 a factor of 5287?
False
Is 4700 a multiple of 47?
True
Does 55 divide 7810?
True
Is 4763 a multiple of 11?
True
Does 19 divide 1784?
False
Is 900 a multiple of 25?
True
Does 3 divide 1424?
False
Does 33 divide 15081?
True
Is 171 a multiple of 7?
False
Is 2839 a multiple of 76?
False
Is 5320 a multiple of 140?
True
Is 8896 a multiple of 4?
True
Does 11 divide 193?
False
Is 3 a factor of 6972?
True
Does 26 divide 5518?
False
Is 120 a multiple of 8?
True
Is 2 a factor of 1214?
True
Is 33 a multiple of 2?
False
Does 33 divide 2200?
False
Is 17 a factor of 3978?
True
Is 1983 a multiple of 52?
False
Is 74 a factor of 872?
False
Is 19 a multiple of 19?
True
Is 3 a factor of 248?
False
Is 749 a multiple of 7?
True
Does 202 divide 1805?
False
Does 8 divide 360?
True
Is 15478 a multiple of 108?
False
Is 17480 a multiple of 184?
True
Does 47 divide 19249?
False
Is 14 a factor of 2446?
False
Is 213 a factor of 1917?
True
Does 11 divide 51106?
True
Does 112 divide 7056?
True
Is 39437 a multiple of 43?
False
Is 7484 a multiple of 18?
False
Does 7 divide 203?
True
Is 293 a multiple of 5?
False
Does 105 divide 1060?
False
Does 25 divide 892?
False
Is 2 a factor of 136?
True
Is 5232 a multiple of 24?
True
Is 74 a factor of 924?
False
Is 4441 a multiple of 15?
False
Is 8 a factor of 216?
True
Is 1463 a multiple of 77?
True
Is 938 a multiple of 3?
False
Is 6 a factor of 2544?
True
Does 6 divide 1872?
True
Is 19703 a multiple of 17?
True
Does 43 divide 34135?
False
Is 6 a factor of 362?
False
Is 22620 a multiple of 157?
False
Is 25 a factor of 7039?
False
Is 7470 a multiple of 19?
False
Does 44 divide 75252?
False
Does 2 divide 2440?
True
Does 62 divide 434?
True
Is 53 a factor of 958?
False
Is 1372 a multiple of 98?
True
Is 33 a factor of 12078?
True
Is 15711 a multiple of 120?
False
Does 56 divide 284?
False
Does 75 divide 1800?
True
Does 13 divide 81757?
True
Does 52 divide 572?
True
Is 7 a factor of 33103?
True
Is 117 a factor of 5733?
True
Is 2515 a multiple of 2?
False
Is 598 a multiple of 46?
True
Is 7018 a multiple of 22?
True
Is 803 a multiple of 8?
False
Is 21 a factor of 20181?
True
Does 31 divide 6200?
True
Is 406 a multiple of 29?
True
Does 5 divide 1431?
False
Is 5796 a multiple of 18?
True
Is 26 a factor of 754?
True
Is 12 a factor of 1150?
False
Does 22 divide 6084?
False
Is 17 a factor of 901?
True
Is 51 a factor of 612?
True
Does 7 divide 728?
True
Is 9 a factor of 792?
True
Is 2108 a multiple of 16?
False
Is 32 a factor of 224?
True
Is 104 a multiple of 5?
False
Is 22 a factor of 225?
False
Is 72 a factor of 6674?
False
Is 10 a factor of 10030?
True
Does 11 divide 599?
False
Is 2808 a multiple of 78?
True
Is 6 a multiple of 6?
True
Is 2842 a multiple of 58?
True
Does 21 divide 3759?
True
Is 26 a factor of 69680?
True
Is 57936 a multiple of 24?
True
Is 105 a factor of 37480?
False
Is 147 a factor of 71148?
True
Is 5620 a multiple of 15?
False
Is 14 a factor of 1190?
True
Does 88 divide 10908?
False
Does 12 divide 2100?
True
Is 41448 a multiple of 12?
True
Does 13 divide 104481?
True
Is 950 a multiple of 13?
False
Is 4 a factor of 177?
False
Does 4 divide 672?
True
Does 26 divide 24934?
True
Does 144 divide 3150?
False
Is 833 a multiple of 7?
True
Is 56 a factor of 3080?
True
Is 31 a factor of 876?
False
Does 20 divide 43160?
True
Is 92228 a multiple of 35?
False
Is 141 a factor of 27354?
True
Does 57 divide 2274?
False
Does 15 divide 174?
False
Is 3 a factor of 30?
True
Is 22427 a multiple of 41?
True
Is 147 a factor of 2267?
False
Is 1376 a multiple of 2?
True
Is 679 a multiple of 21?
False
Is 155347 a multiple of 15?
False
Is 5538 a multiple of 71?
True
Does 50 divide 150?
True
Is 11 a factor of 55?
True
Does 62 divide 1283?
False
Does 3 divide 47?
False
Is 10 a factor of 920?
True
Does 25 divide 34825?
True
Is 54380 a multiple of 20?
True
Does 8 divide 284?
False
Is 73 a factor of 1533?
True
Is 57528 a multiple of 27?
False
Does 2 divide 71?
False
Is 4 a factor of 1124?
True
Is 1286 a multiple of 16?
False
Is 71600 a multiple of 10?
True
Is 29 a factor of 47171?
False
Does 7 divide 287?
True
Is 10 a factor of 4023?
False
Is 13094 a multiple of 52?
False
Is 14273 a mu